s 56 - 635?
-59b
In base 8, what is -4 - -17716?
17712
In base 13, what is 89a12b - -5?
89a133
In base 10, what is 50325 + 1?
50326
In base 5, what is -4 + 1323010?
1323001
In base 5, what is 10102241 - 3?
10102233
In base 11, what is -a87 - -8?
-a7a
In base 10, what is 4374 - 40?
4334
In base 6, what is -324013 - -2?
-324011
In base 8, what is -42 + -252?
-314
In base 7, what is -304 + 521?
214
In base 3, what is -1 + 2001112?
2001111
In base 15, what is -90e52 + -6?
-90e58
In base 9, what is -22 - 5842?
-5864
In base 12, what is -28 - 466?
-492
In base 2, what is 1111011000011110110 + -1?
1111011000011110101
In base 15, what is -ab5 + -6?
-abb
In base 3, what is -11011102 + 2010?
-11002022
In base 5, what is 40202 - -22?
40224
In base 5, what is 23101242 - 42?
23101200
In base 5, what is -10 - -124231?
124221
In base 12, what is b + 37?
46
In base 14, what is -3379 + -6?
-3381
In base 13, what is 11b - -1358c?
136aa
In base 3, what is 0 - 120010111212?
-120010111212
In base 15, what is 5 + 5a10?
5a15
In base 6, what is -12415 + 10502?
-1513
In base 13, what is 3 + 2713?
2716
In base 3, what is -2111121111 - 101?
-2111121212
In base 6, what is -12 + -112532?
-112544
In base 5, what is -3 - 104110422?
-104110430
In base 4, what is -20303 - -22131?
1222
In base 11, what is 43 + 259?
2a1
In base 14, what is 13 - 20563?
-20550
In base 7, what is -650334 + -5?
-650342
In base 2, what is -11111111010 + -100011?
-100000011101
In base 2, what is 1101000010 - 10110010010?
-1001010000
In base 12, what is 89 - 14b?
-82
In base 5, what is 40433312 + -3?
40433304
In base 7, what is 5 - 125666?
-125661
In base 10, what is 6 + -21253?
-21247
In base 2, what is -1110111 + 11010111010?
11001000011
In base 10, what is -5 - 19409?
-19414
In base 6, what is -1 - -34243354?
34243353
In base 11, what is 37024 - 2?
37022
In base 4, what is -32021 + 2302?
-23113
In base 12, what is 13214 + 4?
13218
In base 11, what is -310 - 31?
-341
In base 16, what is 0 + -2d894?
-2d894
In base 10, what is 59 - 266?
-207
In base 14, what is 247 + 1c?
265
In base 6, what is -42 + -255344?
-255430
In base 3, what is 100020111101 - -10?
100020111111
In base 2, what is -1101001001110 - -1111?
-1101000111111
In base 15, what is 43 - -c07d?
c0c1
In base 9, what is -4456 - 33?
-4500
In base 10, what is -25206 + -4?
-25210
In base 3, what is 111000 + -2?
110221
In base 2, what is -10011 - -1111010101011111?
1111010101001100
In base 11, what is 4 + -13752?
-13749
In base 3, what is 11 - 10011021022?
-10011021011
In base 11, what is 18 - -2158?
2175
In base 11, what is -49a1 + 30?
-4971
In base 8, what is 57 - 17331?
-17252
In base 15, what is c7b + -16e?
b0c
In base 14, what is -b - 3102?
-310d
In base 9, what is 2 + -846234?
-846232
In base 9, what is -1672 + 47?
-1624
In base 4, what is 110231233 - 11?
110231222
In base 3, what is 2200001201 + -12?
2200001112
In base 7, what is 544 - 5226?
-4352
In base 12, what is 1228b68 + 3?
1228b6b
In base 5, what is -114314 + 30?
-114234
In base 13, what is 10a6 - 6?
10a0
In base 5, what is -1232 + -1133?
-2420
In base 12, what is -579 - 64?
-621
In base 6, what is 553 - 523?
30
In base 3, what is -2 + -111012200220?
-111012200222
In base 2, what is -11 - 1100110101101111?
-1100110101110010
In base 8, what is -3710102 + -2?
-3710104
In base 7, what is 56 + -43116?
-43030
In base 6, what is 120 - -1004?
1124
In base 7, what is -1201634 - -12?
-1201622
In base 9, what is -2 + 12325?
12323
In base 14, what is -8b844 + -3?
-8b847
In base 8, what is -510 + -141?
-651
In base 8, what is 6144 - 502?
5442
In base 10, what is -35466 + -3?
-35469
In base 2, what is 0 - 1101101010100?
-1101101010100
In base 5, what is 22321 + -33344?
-11023
In base 11, what is -4a8a45 + -4?
-4a8a49
In base 12, what is -214 + -3443?
-3657
In base 4, what is -12 + -302013?
-302031
In base 15, what is -931 + 55a?
-3c6
In base 7, what is 30 - 22462?
-22432
In base 4, what is -11 - -201322211?
201322200
In base 14, what is -4117b - 9?
-41186
In base 15, what is 37265 - 0?
37265
In base 3, what is 1 + -112122120020?
-112122120012
In base 10, what is -93292 - 4?
-93296
In base 15, what is -1a1 - 59?
-20a
In base 13, what is -3 - -1104?
1101
In base 11, what is 254 - -11a8?
1451
In base 6, what is -155305 + 130?
-155135
In base 14, what is -12c - 7895?
-79c3
In base 8, what is 21624414 + 3?
21624417
In base 14, what is -4adb - 57?
-4b54
In base 3, what is -2221220 - -1010?
-2220210
In base 3, what is -21 - 200012011?
-200012102
In base 12, what is -53b9 - 0?
-53b9
In base 16, what is -7daa0 - -1?
-7da9f
In base 8, what is -11153 - 475?
-11650
In base 13, what is -2 + -1519?
-151b
In base 10, what is -3 + 70524?
70521
In base 2, what is 100 - -10101111100001111100?
10101111100010000000
In base 10, what is -22265 + -128?
-22393
In base 10, what is 2685 - 4?
2681
In base 3, what is -221110001 - -12?
-221102212
In base 3, what is 2 - -220212021?
220212100
In base 8, what is 1501 + -1525?
-24
In base 5, what is -22130 + -1344?
-24024
In base 4, what is -130 + 303?
113
In base 5, what is 10411 + -40010?
-24044
In base 15, what is a0 + -28?
77
In base 3, what is -101121 - -112222?
11101
In base 2, what is -1100011 - -10011111101000?
10011110000101
In base 12, what is -2 + 3283b?
32839
In base 9, what is 12 + -51475?
-51463
In base 16, what is 21 + -1c7ce?
-1c7ad
In base 2, what is 11 + -11110101110?
-11110101011
In base 8, what is -374307 + 3?
-374304
In base 2, what is -100111110010001101 - 101?
-100111110010010010
In base 14, what is d155 + -2?
d153
In base 16, what is -5 + -281a5?
-281aa
In base 8, what is -25 + 230374?
230347
In base 11, what is -31a - 96?
-405
In base 11, what is 2 + -2957?
-2955
In base 11, what is 3 + -40561?
-40559
In base 11, what is 5382 - -2?
5384
In base 3, what is -202211202011100 + -1?
-202211202011101
In base 13, what is -50 - c8?
-148
In base 6, what is -231043 - 2?
-231045
In base 8, what is 20130 + 7?
20137
In base 11, what is 566a6 + 1?
566a7
In base 3, what is -101 + 1011100010?
1011022202
In base 11, what is 4 - 79a726?
-79a722
In base 4, what is 3132 - -1322?
11120
In base 15, what is -17 + 485?
46d
In base 11, what is 6 - -7563?
7569
In base 7, what is -1456 - 201?
-1660
In base 4, what is -2 + 121022130?
121022122
In base 9, what is -60 + 5254?
5184
In base 12, what is 95 + -1370?
-1297
In base 9, what is 327 + -1036?
-608
In base 8, what is -323740 - -1?
-323737
In base 8, what is -1103412 + 6?
-1103404
In base 14, what is -22 - -6dc?
6ba
In base 13, what is 125c + -c6?
1166
In base 7, what is -102 + 10440?
10335
In base 13, what is -3 + -8522?
-8525
In base 11, what is -a3a + 1211?
282
In base 7, what is 1161 + -1616?
-425
In base 2, what is -110010 - 100001111000?
-100010101010
In base 8, what is 13317205 - 1?
13317204
In base 3, what is -11110001121 + -12?
-11110001210
In base 5, what is -3023021 - 1?
-3023022
In base 6, what is -32 + -510540?
-511012
In base 13, what is -c82 - -a?
-c75
In base 10, what is 31910 + 18?
31928
In base 6, what is 1534553 - -24?
1535021
In base 7, what is 5 + -33126?
-33121
In base 3, what is 100 - 102002012?
-102001212
In base 6, what is -103311 - 4?
-103315
In base 7, what is -1220364 - 1?
-1220365
In base 6, what is 1301 - 13?
1244
In base 2, what is 10 + -11011000001110?
-11011000001100
In base 13, what is c539 - -4?
c540
In base 10, what is -450 + -37?
-487
In base 5, what is -1102400 - -41?
-1102304
In base 4, what is -202300 + -22012?
-230312
In base 10, what is -3162 + 41?
-3121
In base 2, what is -10011 - 101000110011?
-101001000110
In base 11, what is -2 + -114a7?
-114a9
In base 16, what is 1 + -72?
-71
In base 7, what is -56 - -11260?
11201
In base 11, what is -2083 + 212?
-1971
In base 12, what is 212b2 + 21?
21313
In base 8, what is -715501 - 5?
-715506
In base 6, what is 23 - 5134?
-5111
In base 2, what is -110 - 1110110010000?
-1110110010110
In base 7, what is 245254 + 20?
245304
In base 2, what is 110 - 1011100001111101?
-1011100001110111
In base 7, what is -5505466 + 4?
-5505462
In base 13, what is -10a2 - 48a?
-155c
In base 8, what is -14 + -52044?
-52060
In base 15, what is 4b91 + 28?
4bb9
In base 5, what is 2322313 - 3?
2322310
In base 9, what is -4670 + 57?
-4612
In base 3, what is -2122001 + 